ate the highest common factor of 11 and k.
11
Let u(v) = v**3 + 19*v**2 + 5*v - 57. Let c be u(-15). Calculate the highest common divisor of 2928 and c.
48
Let u = -92525 + 92535. Suppose 5 = -r - p, r = 6*p - 3*p + 11. Let s(g) = 20*g**2 - g - 1. Let v be s(r). What is the greatest common factor of u and v?
10
Let i be (88/3)/((-5)/(-30)*-2). Let c = -94 - i. Let l be (-1515)/(-12) + c - (-1)/(-4). What is the highest common factor of 48 and l?
24
Suppose 4*l - x = 104, -2*l - x = -26 - 26. Let s = 45 - l. Suppose 5*q = 2*m - 322, 5*m = -0*q + 4*q + 839. Calculate the highest common divisor of s and m.
19
Let d be ((-1)/3)/((-78)/(-5148)). Let j be 9/(-3)*(13 + d). What is the greatest common divisor of 9 and j?
9
Suppose -4158 = -m + 199*m. Let a(v) be the third derivative of -v**4/24 - 7*v**3/6 - v**2. Let c be a(m). What is the greatest common factor of c and 126?
14
Let v be (5/(125/(-90)))/(2/(-5)). Let m be v/(-6) - (-12)/8. Suppose 5*t + 435 = 4*c, m = -6*t + t - 15. What is the highest common factor of 21 and c?
21
Suppose -84 = -b - 4*b + 2*l, 5*l = -3*b + 69. Let v = 30 + -24. Suppose -v*h + 36 = -5*h. Calculate the highest common factor of b and h.
18
Let i(v) = -38*v**2 - 228*v + 8. Let b be i(-6). Calculate the highest common factor of 130 and b.
2
Suppose 0 = -7*v - 39 + 627. Suppose v*d - 299 = 83*d. What is the greatest common divisor of 52 and d?
13
Let o = -12711 - -13595. Calculate the greatest common divisor of 272 and o.
68
Let w(y) = -y**2 - 19*y - 35. Let g(c) = -58*c**2 - 5*c - 4. Let b be g(-1). Let j = 43 + b. Let a be w(j). Calculate the greatest common factor of a and 280.
35
Let u(m) = -m**2 - 22*m + 58. Let x = 6 - 30. Let n be u(x). Let q = n + -2. Calculate the greatest common factor of 2 and q.
2
Suppose -383*o - 7808 = -444*o. Calculate the highest common divisor of o and 5248.
128
Suppose 0 = -9*q - 8*q + 85. Suppose -5*t + q*m = -105, -12*t + 8*t - 3*m + 77 = 0. Let n = 8 - 3. What is the greatest common divisor of t and n?
5
Suppose 274*u - 12042 = -172*u. What is the highest common factor of 9099 and u?
27
Let k(r) = -r**2 + 5*r + 1. Let n be k(4). Suppose 5*u + 3*x - n*x + 306 = 0, -3*u = 3*x + 192. Let q = 69 + u. What is the highest common divisor of 21 and q?
7
Let f be ((-4004)/(-65))/(1/5). What is the highest common divisor of 132 and f?
44
Let m(g) = 15*g + 24. Let s be m(19). Let k = s + -261. Calculate the greatest common divisor of 24 and k.
24
Suppose 3*r + h = 247, -r - 29*h + 73 = -31*h. Calculate the highest common divisor of 261 and r.
9
Let l(h) = h**2 - 20*h. Let t be l(20). Suppose 27*u - 34*u + 14 = t. Let g(o) = o - 1. Let m be g(5). Calculate the highest common divisor of u and m.
2
Let a = 3025 - 2905. Let t be 0 + -2 + 1 + 201. Calculate the greatest common factor of t and a.
40
Let f(i) = 4*i**2 + i + 2. Let d be f(-1). Let a(m) = 2*m + 3 - d + 6*m**2 + 6*m**2. Let t be a(3). What is the highest common factor of t and 16?
16
Suppose 0 = b + 46 - 51, 0 = -m + b + 13. Let r = -57 - -99. What is the greatest common factor of r and m?
6
Suppose 0 = 35*b + 12*b - 41535 - 17732. What is the greatest common factor of b and 416?
13
Suppose -24 - 16 = -10*b. Let w(a) = a**3 - 18*a**2 + 64*a - 1. Let p be w(b). Calculate the highest common divisor of 31 and p.
31
Suppose -r = t - 52, 100 = 14*r - 12*r + 4*t. What is the highest common divisor of r and 144?
18
Let t be 0 + 0 + (-10 - -63). Let u be t/(-212) - (1 - (-3978)/(-8)). Calculate the highest common factor of 16 and u.
16
Let u = 120 - 28. Let o be 10/(-45) - u/(-9). Calculate the greatest common factor of 5 and o.
5
Suppose -4*z = -u + 2715, -u + 2715 = 269*z - 265*z. What is the greatest common factor of 30 and u?
15
Let a(p) = 6*p**2 + 249*p - 1299. Let b be a(5). What is the greatest common factor of b and 40800?
96
Suppose 74*a - 15 = 71*a. Calculate the highest common factor of a and 20.
5
Let y be 1/((-25)/170)*5. Let w = y + 4. Let r = w + 111. What is the greatest common divisor of 9 and r?
9
Suppose -2*h = -3*y + 336, 2*y = h + 127 + 43. Let b = h + 217. What is the greatest common factor of 275 and b?
55
Let o be 4/2 - (0 + -7 + 7). Suppose o*d = c + 32, -5*d + 54 = -0*d + 4*c. Calculate the greatest common divisor of 126 and d.
14
Let b be 1 + 9/3 - 393. Let j be 1/(-2)*(b + -29). Calculate the highest common divisor of j and 19.
19
Suppose 0 = -0*x - 5*x - 1010. Let f = x + 207. Suppose 5*z - 104 = 71. Calculate the greatest common factor of z and f.
5
Suppose -2*f = 5*g - 12390, -g + 506*f - 504*f = -2490. What is the highest common divisor of 160 and g?
80
Let v(h) = 9*h**2 - 151*h - 315. Let q be v(19). What is the highest common factor of 832 and q?
13
Let x = -311 + 526. Suppose -3*t - 182 = -x. Calculate the highest common divisor of 3 and t.
1
Let i(f) be the second derivative of -f**3/2 - 29*f**2/2 + 2*f - 40. Let k be i(-13). Let b = 49 - 48. What is the greatest common divisor of k and b?
1
Suppose 9*n + 40 = 10*n + 5. Let u be (20/8)/(1/2). Suppose 3*m + u*r - 38 = 0, -2*r - 2*r - 104 = -4*m. What is the greatest common factor of n and m?
7
Let p = 2882 - 2574. Calculate the highest common factor of p and 352.
44
Let u = 20510 + -7434. What is the highest common divisor of 28 and u?
28
Suppose -34*w + 426114 = -211794. Calculate the greatest common factor of 795 and w.
159
Suppose 16500 - 39756 = -18*t. What is the highest common factor of t and 408?
68
Let a(w) = -6*w - 7. Let f be a(-7). Let s = f - 20. Let z be (-35)/2*(-18)/s. What is the highest common factor of 21 and z?
21
Suppose -27*q + 40*q + 9776 = 0. Let o = 1531 + q. What is the greatest common divisor of o and 19?
19
Suppose 10948*o - 10927*o = 16800. What is the highest common divisor of o and 9760?
160
Suppose -7*b = -18 + 39. Let q(w) = -w**2 - 8*w - 12. Let u be q(b). Suppose u*c = -1 - 5, -312 = -2*m - 5*c. Calculate the highest common factor of 23 and m.
23
Let b = -82 - -174. Let w be ((-102)/(-54) - 6/(-54))*(1 - -25). Let i = b - w. What is the greatest common divisor of 60 and i?
20
Let f(z) = z**3 - 8*z**2 + 11*z - 6. Let u be f(7). Suppose -5*l - u + 102 = 0. Suppose -l*x + 4 = -12*x. What is the greatest common factor of 9 and x?
1
Let d = -6301 + 6409. Calculate the highest common divisor of 60 and d.
12
Let q = -7681 - -9631. What is the greatest common factor of 12 and q?
6
Suppose -4*v - 107 = -683. Let d be 350/140*960/50. What is the greatest common factor of v and d?
48
Suppose 0 = 2*a - 402 - 248. Calculate the greatest common factor of 75 and a.
25
Let b be -5 - ((-27)/36 + 1469/(-4)). Suppose -b = -w + g, -4*w + 4*g - 5*g = -1437. What is the highest common divisor of w and 45?
45
Let k(n) = -21*n**2 - 12*n - 19. Let y be k(-2). Let v = -73 - y. Calculate the greatest common factor of 24 and v.
6
Let d = 34 - 12. Let c(o) = -10*o - 145. Let a be c(-15). Suppose -a*p = 2*v - 387, 5*p - 9*v + 10*v - 386 = 0. What is the highest common factor of p and d?
11
Let x be 56*((-88)/(-77))/4. Let o(k) = k - 12. Let m be o(28). Calculate the highest common factor of m and x.
16
Suppose 2*d + 5*w - 8 + 7 = 0, -5*d + 2*w + 17 = 0. Suppose 2*n = -d*j + 98, 8*j = 6*j - 3*n + 62. Calculate the highest common factor of 901 and j.
17
Let l = -940 - -955. Let w be (-16 - -175) + l/(-3). What is the highest common divisor of w and 88?
22
Suppose -49*u = -19439 + 2378 - 2147. Suppose 3*i + 15 = 0, 5*z + 5*i = -0*z + 255. What is the greatest common factor of u and z?
56
Let y(q) = -62*q + 2422. Let u be y(37). Let i = 6 + -4. Suppose i*s + u = 590. Calculate the greatest common factor of s and 33.
33
Let p be (32/24)/(-5 + 1372/273). What is the greatest common factor of p and 689?
13
Let i be ((-176280)/11)/(-3) + 8/44. Suppose 1903 = 35*f - i. What is the greatest common divisor of f and 46?
23
Let q = 450 + -690. Let y = q - -266. What is the greatest common divisor of 208 and y?
26
Suppose -13*r - 11142 = -11597. What is the highest common factor of 235 and r?
5
Let d(y) = 74*y**2 - 11*y - 15. Let z be d(-1). What is the highest common divisor of z and 4430?
10
Let y(s) = s**3 + 12*s**2 + 8*s - 5. Let d be y(-11). Let v be 57/7 - 4/d. Let l be (-4 - 0) + v + 2. What is the greatest common divisor of l and 54?
6
Let b = -26 + 1660. What